t(h) = 2*h + 2. Let v(w) = 2*w**2 - 4*w + 3. Let z be v(2). What is the units digit of t(z)?
8
Suppose y - 5*y + 140 = 0. What is the units digit of y?
5
Let i = -3 - 0. Let c = -7 + 17. Let r = i + c. What is the units digit of r?
7
Let m = -12 - -63. What is the units digit of 4/(-14) + m/7?
7
Let o(d) = -d**3 - 9*d**2 - 8*d + 2. Let r be -4 + 6 - (-30)/(-3). What is the units digit of o(r)?
2
Suppose -4*a = -5*d + 1008 - 254, -2*a + 448 = 3*d. What is the hundreds digit of d?
1
Let u be (3/2)/((-9)/(-24)). Let k(h) = -3*h + 5. Let w be k(-6). Suppose -u*i - r = -22, -3*r - 13 - w = -5*i. What is the units digit of i?
6
Let a = 28 + 25. What is the tens digit of a?
5
Let o = 11 + -6. Suppose 3*k = o + 4. What is the units digit of (-3)/(27/(-21))*k?
7
Suppose j + 235 = 6*j. Let u = -83 + j. What is the tens digit of (u/(-45))/((-2)/(-30))?
1
Let o(u) = -u**2 - 5 - 2*u + 1 + 3*u. Let z be o(0). Let f(r) = -2*r + 1. What is the units digit of f(z)?
9
Let i(r) = r**2 - r + 10. Let o(u) = 2*u**2 - u + 21. Let q(p) = -13*i(p) + 6*o(p). Let s(n) = n**2 - 2*n + 3. Let f be s(2). What is the units digit of q(f)?
8
Let u = -7 + 11. Suppose 2*x - 46 = u. What is the tens digit of x?
2
Let m(h) = 2*h**2 - 2*h - 3. Let l(z) = z - 4. Let x be l(6). Suppose -x*k + 3*k = -2. What is the units digit of m(k)?
9
Let x(j) be the first derivative of 5*j**3/3 + j**2/2 - 5. What is the units digit of x(1)?
6
Let f(j) = j**2 - 3*j + 4. Let s be f(7). Let r be (-1*s)/((-3)/3). Let c = r - 21. What is the tens digit of c?
1
Suppose -2*w + 1 = w - o, 5*w + 2*o = 20. Let s = 6 - w. Let l(c) = -c**2 + 4*c + 5. What is the units digit of l(s)?
5
Let f be (-8)/6 + 3/9. Let i(y) = -2*y + 1. Let k be i(f). Let s(c) = c**3 - 3*c**2 + 2*c + 2. What is the units digit of s(k)?
8
Let i(d) = d**2 + 5. What is the units digit of i(-7)?
4
Let d = -57 - -109. Let h = d - 31. What is the tens digit of h?
2
Let w(k) = -k**3 - k - 2. Let n be w(0). What is the units digit of (n/6)/((-3)/99)?
1
Suppose 45 = -32*a + 31*a. Let b = a + 77. What is the units digit of b?
2
Let x(d) = -d**3 + 10*d**2 - 4*d + 4. What is the tens digit of x(9)?
4
Suppose i + 2*i - 12 = 0. Suppose -i*t = 0, a + 27 = 4*a + 3*t. What is the units digit of a?
9
What is the units digit of 381/9 - (-1)/(-3)?
2
What is the tens digit of 246/(9 + -4 - 3)?
2
Let h be (3/3)/((-2)/(-4)). Suppose 0 = -d + h*u - 7, -u = 5*d + 3*u - 35. What is the units digit of d?
3
What is the units digit of 2 - (-8*1 - 4)?
4
Suppose 2*v - 38 = 2*p, 2*p - 30 = -2*v - 0*v. Suppose 5 = -u + v. What is the units digit of u?
2
Let b = -5 + 9. Suppose b*c + 33 = q, 0*c + 6 = 2*c. What is the units digit of q?
5
What is the tens digit of 3 - (-35 + 9/3)?
3
Suppose -2*b = h, -2*b = b + 2*h + 2. What is the units digit of (154/(-11))/((-4)/b)?
7
What is the tens digit of 359 - ((1 - (-4 + 2)) + 1)?
5
What is the units digit of ((-256)/12)/4*-6?
2
Let a(x) = 4*x**2 + 2*x - 1. Let z be a(1). Let q = z - 5. Suppose q = -v - 3*o + 8, -2*v - v = 3*o - 18. What is the units digit of v?
5
Let m(u) = u**2 - 2*u - 3. Suppose 0 = 3*c - c - 8. What is the units digit of m(c)?
5
Suppose -2*z + u = -28 - 31, 4*z - 103 = 5*u. What is the units digit of z?
2
Let r = 85 - 59. Let u = r - -4. What is the tens digit of u?
3
Suppose -3*f - 8*i + 4*i = 2, 0 = 5*f + 2*i + 8. Let r be 114/27 + f/9. Suppose -5*z + 6 = x - 4, -r*z = 5*x - 29. What is the units digit of z?
1
Suppose -q - 1 - 8 = 0. Let w(o) = -o**3 + 6*o**2 - 3*o + 1. Let b be w(4). Let c = b + q. What is the tens digit of c?
1
Let q(l) = l**2 - 6*l - 3. Let y be q(5). Let m be (2*y)/((-2)/(-3)). Let g = 36 + m. What is the units digit of g?
2
Suppose k = 5*w + 35 - 154, 3*w + 5*k = 77. Suppose 4*v + 4 = w. What is the units digit of v?
5
Suppose 2*j - 71 = 601. What is the tens digit of j?
3
Let h(y) = -y**3 - y + 3. Let m be h(0). Suppose -14 = 5*u + b, -m = -3*u + b - 5. What is the units digit of (8/(-6))/(u/6)?
4
Suppose -2*i = -c - 8, -c + 4*c = -i + 11. Let r(h) = -8*h**c + 1 + 7*h + 9*h**2 + 3. What is the tens digit of r(-8)?
1
Suppose 0 = -4*k + 7 + 1. What is the units digit of k?
2
Let z = -3 - -6. Let b = -3 + z. Let s = 3 - b. What is the units digit of s?
3
Let l = -16 + 91. What is the units digit of l?
5
What is the tens digit of 25*-3*4/(-12)?
2
Let b be (114/(-4))/(6/8). Let a = -15 - b. What is the units digit of a?
3
What is the tens digit of (-2)/9 - 21802/(-99)?
2
Let d be (-6)/(-2 - 18/(-10)). Suppose 5*y = 2*y + d. What is the tens digit of y?
1
Let c(i) = i**3 - 1. Let p be c(1). Suppose p = 5*u - 1 - 29. What is the units digit of u?
6
Suppose 0 = 2*s - 6, 0 = -3*w - 5*s + s + 291. What is the units digit of w?
3
Let l = 611 - 393. What is the hundreds digit of l?
2
Let l(u) = 9*u. Let v be l(-4). Let d = 66 + v. What is the units digit of d?
0
Suppose 11 = x + 5*r, -4*x - 55 = -9*x - r. Suppose -5*o + 4*z = -x - 79, -o + 5*z = -18. What is the units digit of (1/3)/(6/o)?
1
Let u(x) be the first derivative of -3*x**2/2 - 3*x + 2. What is the units digit of u(-4)?
9
Suppose 0 = m - 9*m + 240. What is the tens digit of m?
3
What is the units digit of 0 - 4 - (-255 + (-12)/(-4))?
8
Let t = 0 + -2. What is the tens digit of t + (-2 - -2) + 13?
1
Let k = 374 + -259. What is the units digit of k?
5
Suppose 4 + 1 = i. Suppose -b - 3*w = -i - 12, -3*b + 37 = 2*w. What is the units digit of b?
1
Suppose 3*i - 45 = -0*i. What is the tens digit of i?
1
Suppose -8*q - 89 = -553. What is the units digit of q?
8
Let y(w) be the third derivative of w**6/120 + w**5/12 + w**4/8 - w**3/6 - 2*w**2. What is the units digit of y(-4)?
3
Suppose -606 + 102 = 8*y. Let c = y - -88. What is the tens digit of c?
2
Suppose -2*d = -4*w - 7*d + 115, 2*w = -2*d + 58. Let f = -12 + w. What is the units digit of f?
8
Suppose 0*d - 3*d + 30 = 0. Let p = 18 + d. What is the units digit of p?
8
Let p(c) = c**3 + 8*c**2 - 14*c - 13. What is the units digit of p(-9)?
2
What is the tens digit of (-8)/(-4)*(-166)/(-4)?
8
Let o = 6 - -100. What is the hundreds digit of o?
1
Let l be ((-15)/(-3))/(-1) + -1. Let y = l + 12. What is the units digit of y?
6
Let z(m) = -10*m**3 - 2*m**2 - 1. Let y(g) = -11*g**3 - 3*g**2 - 2. Let f(h) = 2*y(h) - 3*z(h). What is the units digit of f(1)?
7
Let g(w) = -w + 1. Let h be g(-4). Suppose -4*a - 39 = -5*j, -5*j + 2*a + 32 = -h. What is the units digit of j?
7
Let d(s) = s + 2*s + s - s**2 + 5. Let n be 3/3 - -1 - -2. What is the units digit of d(n)?
5
Let q = 7 - 10. What is the units digit of q + (3 + 3 - 2)?
1
Suppose -7*t = -607 - 44. What is the tens digit of t?
9
Let s be 4/10 - (-17)/(-5). Let k(g) = g**2 + g + 1. Let u be k(s). Suppose 0 = u*a - 2*a - 20. What is the units digit of a?
4
Let l(w) = -w + 12. Let q(p) = p**2 + 4*p + 3. Let i be q(-3). What is the tens digit of l(i)?
1
Suppose -3*t + 12 = -0*t. Suppose t*h = 57 - 1. What is the units digit of h?
4
Let u = -8 - -10. Suppose 2*c = -c - 5*n + 31, -u*c - 2*n = -14. Let y = c - -17. What is the units digit of y?
9
Let n(l) be the second derivative of -l**5/20 - l**4/3 + 3*l**3/2 + 5*l**2 - 7*l. What is the units digit of n(-6)?
8
Let p(a) = -a**2 - 5*a + 10. What is the tens digit of p(-5)?
1
Let l(s) = -12*s - 4. Let t be l(-5). Suppose 4*j + t = d, 4*d + 4*j = 3*j + 139. What is the units digit of (-8)/d + (-130)/(-18)?
7
Suppose 9 = -3*i, -5*i - 89 = -3*u + 58. What is the units digit of (-3)/6*u/(-2)?
1
Let u(i) be the second derivative of -i**5/20 + i**4/12 + i**3/3 + i**2/2 + i. What is the units digit of u(-1)?
1
Let c be (0/(-3 - -2))/(-2). Suppose c = 2*j + 1 - 7. What is the units digit of j?
3
Let x be 0 + (-4)/(-2) - 0. Suppose 2*n - 17 = j, -4*n = -5*j + x - 27. Let h = n - 0. What is the units digit of h?
0
What is the units digit of (-10 + -69)/((-5)/2 - -2)?
8
Let w(v) = v**2 + 8*v + 6. What is the tens digit of w(-11)?
3
Suppose 4 = -j + 3*j. Suppose -2*p + 62 = -4*s, -5*p = -p - j*s - 112. What is the units digit of p?
7
What is the tens digit of 350/(-15)*(-9)/6?
3
Suppose -3*y + 176 = -4*t, -4*t + 29 - 149 = -2*y. Suppose -2*z - 3*s + 19 + 9 = 0, 4*z + 5*s = y. What is the units digit of z?
4
Let n = -2 - -4. Suppose -n*i + 8 = -0*i. What is the units digit of i?
4
Let o(t) be the second der